
What is the tens digit of 2/7 + (-2641375)/(-875)?
1
Let s(l) = l**2 + 9*l + 5. Let w be s(-8). Let q(z) = -z**3 - 2*z**2 + 3. Let k be q(w). Suppose -17 = -p + k. What is the units digit of p?
9
Let s be 0 - 0/(-1 + -1). Suppose s = 2*d + 3*d - 275. Suppose 3*w - d = -0*w - 2*m, 4*w - 62 = 3*m. What is the units digit of w?
7
Let t(d) = d**3 + 6*d**2 + 7*d + 11. Let z be t(-5). What is the units digit of 66 - ((-5)/(-10) + z/2)?
5
Suppose 0 = 2*r - 6 - 0. Suppose -r*j - v = 2*v - 21, 4 = v. Suppose -5*y + j*y + 82 = 0. What is the tens digit of y?
4
Suppose -4*v + 2*m + 117 = 39, 2*m + 10 = 0. Suppose 0 = 20*t - v*t - 564. What is the units digit of t?
8
Suppose 0 = o - 2*b + 17, -4*o - 7*b + 2*b - 55 = 0. What is the units digit of 6/o + 228/20 + -3?
8
Let f(t) be the first derivative of t**4/4 + t**3/3 + t**2/2 + 282*t + 37. What is the tens digit of f(0)?
8
What is the tens digit of 2 + (-1 - -2)*(-4 - -105)?
0
Let c(d) = -5*d + 1566. Let o be c(0). What is the tens digit of 1/(12/o*6/8)?
7
Let d be (-39)/(-9)*1*45. Let o = -126 + d. What is the units digit of o?
9
Suppose 4*l - 2*r - 38 = 294, -2*l + 2*r = -168. Suppose -7*a = -3*g - 2*a + l, 68 = 3*g + 2*a. What is the tens digit of g?
2
Let p(d) = d**3 - 17*d**2 + 28*d - 42. Let j be p(17). Let h = j + -304. What is the units digit of h?
0
Let b = -32 + 34. Let q be -2 + b + -3 + 47. Let d = q + -19. What is the tens digit of d?
2
Let q(j) = 5*j + 18. Let l be q(-6). What is the tens digit of (-63 - 1 - 2)*4/l?
2
Let l(g) = g - 8. Let v be l(10). Suppose 3*a - 2*s - v*s = 25, -s + 8 = 4*a. What is the units digit of ((-70)/49)/(a/(-42))?
0
Let m = 10 - 7. What is the tens digit of 55 + (4 - m) + (-2)/1?
5
What is the hundreds digit of 2 - 3564/45*(-10)/3?
2
Let c = -12 - -16. Let k be (1 - 0) + -1 + c. Suppose 33 = k*m - 3*m. What is the tens digit of m?
3
Suppose -6*s - 5*s - 902 = 0. Let t = s - -418. What is the tens digit of t?
3
Suppose 10*w - 3845 + 1025 = 0. Let h = w + -132. What is the hundreds digit of h?
1
Let r = -3365 - -5649. What is the hundreds digit of r?
2
What is the hundreds digit of (360/990)/((-4)/(-1166))?
1
Suppose -51 = -8*i - 11. Suppose -i*v = -105 - 195. What is the tens digit of v?
6
Let j be (30 - 30)/(1 + 0 - -1). Suppose -379 = -3*r + 5*c, 5*c = 5*r - j*c - 615. What is the units digit of r?
8
Let g be 1*2/3*-6. Let n(r) = -307*r + 599*r - 299*r. What is the tens digit of n(g)?
2
Suppose -6*c + 3*c + w = -112, w - 78 = -2*c. Suppose 223 = 39*x - c*x. What is the units digit of x?
3
Suppose -2*k + 62 = -2130. What is the units digit of k?
6
Let s be 132/156 - 4/(-26). Let l(i) = -6 - 6*i - 8*i - s - 2. What is the units digit of l(-3)?
3
Let m = -46 + 45. What is the units digit of 3 - -3 - 4 - (m - 0)?
3
Suppose -3*s = -2*f + 7, 0 = 3*s - 7*s - f + 9. Let i = s - -24. What is the units digit of i?
5
Let k(v) be the first derivative of -8 + 8*v + 1/2*v**2. What is the units digit of k(-5)?
3
Let s(c) = -4*c - 31*c**2 - 13 - 7*c + 33*c**2. What is the tens digit of s(8)?
2
Let a(g) be the second derivative of -3*g**2 - 11/6*g**3 + 0 - 4*g. What is the units digit of a(-3)?
7
Suppose -9*l + 4*l = -20. Let g be (-3)/l + 5778/24. Suppose 0 = 4*z + 3*d - 226, -6*z + 4*d = -2*z - g. What is the units digit of z?
8
Let l be (3/6)/((-4)/128). What is the tens digit of 16164/96 + 6/l?
6
Let n be ((-1220)/(-8) - (-1)/(-2))/1. Let o = n + 9. What is the hundreds digit of o?
1
Let b = 31 - 29. What is the tens digit of -60*2/(-8)*b?
3
Suppose -5 = -5*z - 35. Let l = z - -10. Suppose -244 = -l*q - 36. What is the tens digit of q?
5
Let j(i) = i - 10. Let y = 22 - 10. Let a be j(y). Suppose -2*w + a = -0. What is the units digit of w?
1
Suppose -15 = 4*t + 5, o - 3*t = 23. Let y(d) = d**3 - 6*d**2 - 11*d + 9. What is the tens digit of y(o)?
4
Suppose 0 = 10*g - 7*g + 621. Let k = g - -408. What is the hundreds digit of k?
2
Let q be 2 - (0 + -2 + 4). Let m be 1 + -1*(1 - q). Let z = 12 - m. What is the tens digit of z?
1
Let p be (-1)/(-2)*(-4 + 34 - 0). What is the tens digit of (10/p)/(1/63)?
4
Let x(j) = -3 - j + 15*j + 3*j. What is the tens digit of x(4)?
6
Let m(z) = -42*z + 36. Let d be m(-6). Suppose -3*n + d = -123. What is the hundreds digit of n?
1
Suppose 4*i + 47*d - 1785 = 42*d, -444 = -i + d. What is the hundreds digit of i?
4
Let c = 493 + -348. What is the hundreds digit of c?
1
Suppose 5*t - 367 = 3*t - y, 3*t - 5*y - 557 = 0. Let u be t/(-18) + (-4)/(-18). What is the units digit of 6/(-10) - 76/u?
7
Let d = 5 + -1. Suppose -f + 6 - d = 0. What is the units digit of (f + -6)*(-20)/16?
5
Suppose -c + 4*c = 762. Let v = 469 - c. What is the units digit of v?
5
Let p(a) = 3*a**2 + 4*a + 1. Let l be p(-3). Let s(r) = 5*r + r**3 - r**3 + 23 - 7*r**2 + r**3 - l. What is the units digit of s(6)?
1
Let k(b) = 40*b**3 - 7*b**2 + 5*b + 1. What is the tens digit of k(1)?
3
Let m(w) = 5*w - 20. Let r(p) = -p - 1. Let i(j) = -j**2 - 7*j - 1. Let q be i(-8). Let n be r(q). What is the tens digit of m(n)?
2
Let f = 527 - 418. What is the units digit of f?
9
Let p be (-1)/3 + 1120/12. Suppose 0 = d, 3*o + d = -0*o - p. Let s = o - -46. What is the tens digit of s?
1
Suppose -4*b + 5*s = -0*b - 1226, 8 = -4*s. What is the hundreds digit of b?
3
Suppose 16*r + p = 11*r + 2471, 1978 = 4*r + 2*p. What is the units digit of r?
4
Let y(k) = -k**3 + 6*k**2 + 2*k + 11. Let z be y(6). Let x = 30 - z. What is the units digit of x?
7
Suppose 2473 - 10403 = -10*v. What is the units digit of v?
3
Let m = 13 - 22. Let j be 2/((-12)/m)*2. Suppose -81 = -j*q - 0*q. What is the tens digit of q?
2
Let y be 42 - 1 - (-8 + 12). Let j = y + -5. What is the units digit of j/10 + 5/(-25)?
3
Let p(q) = 2*q**2 + 5 + 8 + 13*q + 2*q. What is the tens digit of p(-10)?
6
Suppose -4*i + 229 = 1. Let s = i - 9. Let x = -29 + s. What is the units digit of x?
9
Let f = 2631 + -714. What is the hundreds digit of f?
9
What is the units digit of -7 + (2160/6 - -3)?
6
Let j(u) = 19*u - 2. Suppose 0 = -7*o + 2*o + 30. Suppose -4*t - 9 = 3*p, -o = -p - 2*p + t. What is the units digit of j(p)?
7
Let b be 1*(-1 + -8*1). Let v = 27 + b. What is the tens digit of v?
1
Let w(m) = m**3 + 10*m**2 - 13*m - 16. Suppose -4*p + 2*k = 44, -3*k - 7 - 8 = 3*p. What is the hundreds digit of w(p)?
1
Let b(h) = h**2 - 6*h - 7. Let f be b(7). Suppose -u - 13 = -o, f*o = -3*u - 3*o - 21. What is the units digit of -1 + 3/(-6)*u?
4
What is the tens digit of 1791 + (12/(-8)*4 - -12)?
9
Suppose -39 + 15 = -4*t. Let i be (-3)/(8/t - 1). Let l = -2 - i. What is the units digit of l?
7
Let t be ((-2)/(-3))/((-2)/(-9)). Suppose t*d + 12 = 5*d. What is the tens digit of (-20)/7*(-21)/d?
1
What is the tens digit of 241 - (4 + 2 - 10)?
4
Let f(l) = 2*l**2 + 31. What is the hundreds digit of f(-14)?
4
Let v(q) = 30*q - 1. Suppose -2*h + 2*s = -3*s + 7, 5*h - 35 = -5*s. What is the hundreds digit of v(h)?
1
Let o(r) = -r**3 + 7*r**2 + 2*r - 8. What is the units digit of o(5)?
2
Let b be (0 + -3)*96/9. Let o = b - -20. What is the tens digit of 3 + (0 + 0 - o)?
1
Suppose -67 = -2*g + 7. Suppose 2*a = 21 + g. Suppose -a = 2*x - 3*x. What is the tens digit of x?
2
Let a(h) = 4*h**3 + 25*h**2 - 32*h - 29. Let z(x) = x**3 + 6*x**2 - 8*x - 7. Let y(g) = 2*a(g) - 9*z(g). What is the tens digit of y(-6)?
2
Let o(g) be the third derivative of 7*g**4/24 - 13*g**3/3 - g**2 + 7*g. What is the tens digit of o(12)?
5
Suppose -3*x - 8 = -4*o - 2*x, -2*o + 4 = 4*x. Suppose o*k - 1484 = 4*c - 9*c, -k + 890 = 3*c. What is the hundreds digit of c?
2
Let x(q) = -q**3 - 4*q**2 + 9*q + 1. Suppose -12 = -w + 3*o, 4*w + 4*o + 13 = -3. Let m be w/2 + 1 + -7. What is the units digit of x(m)?
9
Suppose 482 = -o + 3*o - 2*s, -691 = -3*o - 5*s. Suppose o = 5*r - 23. What is the tens digit of r?
5
Suppose 27*j = -10593 + 42885. What is the thousands digit of j?
1
Let p = -616 - -1147. What is the units digit of p?
1
Let r(b) = -b**3 - 15*b**2 - 15*b - 12. Let m be r(-14). Suppose -i + 37 = w - 0, -5*w + 77 = m*i. What is the tens digit of i?
3
Let a = -503 - -1217. Suppose -6*g = -54 - a. What is the tens digit of g?
2
Let k(q) = -q - 5. Let m be k(-13). Let l(n) = 4*n + 3. What is the units digit of l(m)?
5
Let h(o) = -5*o**3 + 2*o**2 - 4. What is the hundre